on divisor of 4 and 932?
4
Calculate the highest common factor of 324 and 243.
81
Calculate the greatest common factor of 9144 and 27.
9
Calculate the highest common divisor of 4 and 46.
2
What is the greatest common divisor of 448 and 266?
14
Calculate the highest common divisor of 2975 and 119.
119
Calculate the highest common factor of 9 and 8019.
9
Calculate the highest common divisor of 2635 and 51.
17
Calculate the highest common factor of 567 and 42.
21
Calculate the greatest common factor of 1974 and 42.
42
Calculate the highest common divisor of 3690 and 20.
10
What is the greatest common divisor of 24 and 1588?
4
Calculate the highest common factor of 1760 and 99.
11
Calculate the highest common factor of 12135 and 15.
15
Calculate the highest common divisor of 1134 and 270.
54
Calculate the greatest common factor of 91 and 287.
7
What is the greatest common factor of 212 and 371?
53
Calculate the greatest common divisor of 1275 and 195.
15
What is the highest common divisor of 132 and 36?
12
What is the highest common factor of 14 and 1946?
14
What is the greatest common divisor of 2074 and 374?
34
Calculate the highest common factor of 261 and 3.
3
Calculate the greatest common factor of 88 and 22396.
44
What is the highest common factor of 234 and 2847?
39
Calculate the greatest common divisor of 72 and 636.
12
Calculate the highest common factor of 30 and 35.
5
Calculate the greatest common divisor of 3 and 417.
3
Calculate the greatest common divisor of 87 and 1305.
87
Calculate the greatest common factor of 329 and 282.
47
Calculate the highest common factor of 2124 and 826.
118
What is the highest common divisor of 44791 and 47?
47
What is the greatest common divisor of 494 and 65?
13
What is the highest common factor of 77 and 119?
7
What is the greatest common divisor of 15 and 195?
15
Calculate the highest common divisor of 424 and 72.
8
Calculate the highest common divisor of 2880 and 5.
5
What is the highest common divisor of 192 and 10176?
192
Calculate the highest common factor of 48 and 12456.
24
What is the highest common divisor of 11 and 407?
11
Calculate the greatest common factor of 5332 and 172.
172
What is the highest common divisor of 340 and 980?
20
Calculate the greatest common divisor of 5408 and 96.
32
What is the greatest common divisor of 195 and 117?
39
What is the greatest common factor of 1650 and 10?
10
Calculate the greatest common divisor of 75 and 1725.
75
Calculate the greatest common divisor of 275 and 935.
55
Calculate the greatest common divisor of 10 and 6815.
5
Calculate the highest common divisor of 99 and 22.
11
Calculate the greatest common divisor of 1914 and 261.
87
Calculate the greatest common divisor of 144 and 90.
18
What is the highest common divisor of 78 and 741?
39
Calculate the highest common factor of 1043 and 1341.
149
What is the highest common factor of 12 and 528?
12
What is the highest common factor of 1309 and 476?
119
Calculate the highest common divisor of 28 and 15246.
14
What is the highest common divisor of 3 and 1119?
3
Calculate the greatest common divisor of 141 and 6.
3
Calculate the greatest common divisor of 32 and 98.
2
Calculate the greatest common divisor of 260 and 78.
26
What is the highest common divisor of 63 and 7?
7
Calculate the greatest common factor of 156 and 36.
12
What is the greatest common factor of 5859 and 1736?
217
Calculate the highest common factor of 119 and 1598.
17
Calculate the highest common factor of 50 and 290.
10
Calculate the highest common divisor of 5930 and 170.
10
What is the highest common divisor of 1886 and 82?
82
Calculate the greatest common divisor of 336 and 189.
21
What is the greatest common factor of 29 and 44747?
29
Calculate the greatest common factor of 26 and 2561.
13
What is the greatest common divisor of 1253 and 84?
7
What is the highest common factor of 8 and 50?
2
What is the greatest common divisor of 21 and 119?
7
What is the highest common divisor of 3640 and 273?
91
What is the greatest common factor of 255 and 3145?
85
Calculate the highest common divisor of 2884 and 168.
28
What is the highest common factor of 208 and 8?
8
Calculate the highest common divisor of 60 and 1236.
12
What is the highest common factor of 63 and 7?
7
What is the greatest common divisor of 162 and 96?
6
Calculate the highest common divisor of 34 and 153.
17
What is the highest common divisor of 54 and 270?
54
What is the greatest common factor of 413 and 354?
59
What is the greatest common divisor of 32314 and 302?
302
Calculate the greatest common factor of 1458 and 108.
54
What is the greatest common divisor of 210 and 1215?
15
What is the highest common factor of 3549 and 84?
21
Calculate the greatest common divisor of 30 and 762.
6
Calculate the greatest common factor of 44 and 2156.
44
What is the greatest common divisor of 4 and 54?
2
What is the highest common divisor of 151 and 5?
1
Calculate the greatest common divisor of 30 and 2710.
10
Calculate the highest common factor of 285 and 15.
15
What is the highest common factor of 42 and 5?
1
Calculate the greatest common divisor of 43 and 1.
1
Calculate the greatest common divisor of 50 and 6725.
25
What is the highest common divisor of 654 and 21?
3
What is the highest common divisor of 4688 and 1465?
293
Calculate the greatest common divisor of 56 and 56.
56
Calculate the highest common factor of 263 and 3.
1
Calculate the greatest common factor of 180 and 3720.
60
Calculate the highest common factor of 21 and 22771.
7
Calculate the greatest common divisor of 44 and 4.
4
What is the greatest common factor of 768 and 1248?
96
What is the highest common factor of 238 and 70?
14
What is the highest common factor of 14 and 67774?
14
Calculate the highest common divisor of 50 and 720.
10
What is the greatest common factor of 252 and 19782?
126
What is the highest common divisor of 198 and 2552?
22
Calculate the greatest common divisor of 80 and 30.
10
What is the highest common divisor of 4646 and 69?
23
Calculate the greatest common factor of 245 and 1120.
35
Calculate the greatest common factor of 1088 and 1054.
34
What is the highest common factor of 1078 and 231?
77
What is the highest common divisor of 20277 and 108?
27
What is the highest common factor of 21 and 28?
7
What is the highest common divisor of 245 and 875?
35
What is the greatest common divisor of 6732 and 990?
198
Calculate the highest common factor of 20 and 225.
5
Calculate the highest common factor of 20 and 25580.
20
What is the greatest common factor of 25 and 400?
25
Calculate the highest common factor of 338 and 26.
26
Calculate the highest common divisor of 152 and 171.
19
Calculate the greatest common divisor of 40425 and 490.
245
Calculate the greatest common factor of 4760 and 315.
35
Calculate the highest common factor of 17 and 27319.
17
What is the highest common factor of 2618 and 110?
22
Calculate the greatest common divisor of 455 and 215.
5
What is the highest common factor of 323 and 1241?
17
What is the highest common divisor of 14 and 7?
7
Calculate the greatest common factor of 289 and 1054.
17
Calculate the greatest common divisor of 91 and 147.
7
What is the greatest common divisor of 2 and 39?
1
What is the greatest common factor of 12 and 3372?
12
What is the greatest common factor of 42 and 138?
6
Calculate the highest common factor of 450 and 18.
18
What is the greatest common factor of 1316 and 308?
28
What is the highest common factor of 18600 and 84?
12
Calculate the greatest common factor of 20 and 692.
4
Calculate the greatest common factor of 159 and 53.
53
Calculate the greatest common divisor of 113 and 2599.
113
Calculate the highest common divisor of 168 and 72.
24
What is the highest common divisor of 1 and 13?
1
Calculate the greatest common factor of 5 and 55.
5
Calculate the highest common factor of 175 and 56.
7
Calculate the highest common divisor of 2250 and 72.
18
Calculate the highest common divisor of 84 and 140.
28
Calculate the greatest common divisor of 185 and 51245.
185
Calculate the greatest common divisor of 41 and 369.
41
Calculate the greatest common factor of 6 and 2946.
6
What is the highest common divisor of 406 and 1189?
29
What is the highe